{"id":155,"date":"2015-04-13T11:44:24","date_gmt":"2015-04-13T11:44:24","guid":{"rendered":"http:\/\/kamen-kregar.com\/?page_id=155"},"modified":"2020-09-23T11:11:06","modified_gmt":"2020-09-23T11:11:06","slug":"ponudba-3","status":"publish","type":"page","link":"http:\/\/kamen-kregar.com\/?page_id=155","title":{"rendered":"Ponudba"},"content":{"rendered":"<h1>Ponudba<\/h1>\n<p>Potro\u0161niki predstavljajo prioriteto na\u0161ega delovanja, zato ponujamo raznoliko ponudbo, ki zadovolji \u0161e tako zahtevne \u017eelje. \u0160iroko ponudbo razli\u010dnih kamnov dopolnjujemo tudi z mnogimi storitvami. Poleg osnovnih storitev kot so obdelava kamna, nudimo \u0161e dodatne storitve. Z na\u0161imi uslu\u017ebenci se lahko posvetujete o izbiri primernih kamnov za razli\u010dne zunanje in notranje prostore, na va\u0161o \u017eeljo lahko opravimo tudi vizualizacijo prostorov, monta\u017eo obdelanih kamnov ipd.<\/p>\n<p>Ker pa se nenehno trudimo pove\u010dati svoj, \u017ee tako \u0161irok, sortiment izdelkov, smo ponudbo kamnov raz\u0161irili z modernimi vzorci dekorativnega kamna. Tako lahko med razli\u010dnimi vzorci, velikostmi in barvami dekorativnega kamna izberete tistega, ki je za prostor vgradnje najbolj primeren.<\/p>\n<p>Vendar kamen ni edini material, s katerim se ukvarjamo. Pri nas najdete tudi betonske izdelke in tlake, za katere je prav tako zna\u010dilna raznolikost ponudbe, visoka kakovost in cenovna primerljivost.<\/p>\n<script type=\"text\/javascript\">\r\ndocument.addEventListener(\"DOMContentLoaded\", function(event) { \r\n\tjQuery( '#slider-pro-3-1087' ).sliderPro({\r\n\t\t\/\/width\r\n\t\t\t\twidth: 1000,\r\n\t\t\t\t\r\n\t\t\/\/height\r\n\t\t\t\theight: 600,\r\n\t\t\t\t\r\n\t\t\/\/autoplay\r\n\t\t\t\tautoplay:  true,\r\n\t\tautoplayOnHover: 'none',\r\n\t\t\t\t\t\t\t\tautoplayDelay: 5000,\r\n\t\t\r\n\t\t\r\n\t\tarrows: true,\r\n\t\tbuttons: true,\r\n\t\tsmallSize: 500,\r\n\t\tmediumSize: 1000,\r\n\t\tlargeSize: 3000,\r\n\t\tfade: true,\r\n\t\t\r\n\t\t\/\/thumbnail\r\n\t\tthumbnailArrows: true,\r\n\t\tthumbnailWidth: 120,\r\n\t\tthumbnailHeight: 120,\r\n\t\t\t\t\t\tthumbnailsPosition: 'bottom',\r\n\t\t\t\t\t\tcenterImage: true,\r\n\t\timageScaleMode: 'cover',\r\n\t\tallowScaleUp: true,\r\n\t\t\t\tstartSlide: 0,\r\n\t\tloop: true,\r\n\t\tslideDistance: 5,\r\n\t\tautoplayDirection: 'normal',\r\n\t\ttouchSwipe: true,\r\n\t\tfullScreen: true,\r\n\t});\r\n});\r\n<\/script>\r\n<style>\r\n\/* Layout 3 *\/\r\n\/* border *\/\r\n#slider-pro-3-1087 .sp-selected-thumbnail {\r\n\tborder: 4px solid #000000;\r\n}\r\n\r\n\/* font + color *\/\r\n.title-in  {\r\n\tfont-family: Arial !important;\r\n\tcolor: #cecece !important;\r\n\tbackground-color: #666666 !important;\r\n\topacity: 0.7 !important;\r\n}\r\n.desc-in  {\r\n\tfont-family: Arial !important;\r\n\tcolor: #0a0a0a !important;\r\n\tbackground-color: #666666 !important;\r\n\topacity: 0.7 !important;\r\n}\r\n\r\n\/* bullets color *\/\r\n.sp-button  {\r\n\tborder: 2px solid #000000 !important;\r\n}\r\n.sp-selected-button  {\r\n\tbackground-color: #000000 !important;\r\n}\r\n\r\n\/* pointer color - bottom *\/\r\n.sp-selected-thumbnail::before {\r\n\tborder-bottom: 5px solid #000000 !important;\r\n}\r\n.sp-selected-thumbnail::after {\r\n\tborder-bottom: 13px solid #000000 !important;\r\n}\r\n\r\n\/* pointer color - top *\/\r\n\r\n\/* full screen icon *\/\r\n.sp-full-screen-button::before {\r\n    color: #FFFFFF !important;\r\n}\r\n\r\n\/* hover navigation icon color *\/\r\n.sp-next-arrow::after, .sp-next-arrow::before {\r\n\tbackground-color: #FFFFFF !important;\r\n}\r\n.sp-previous-arrow::after, .sp-previous-arrow::before {\r\n\tbackground-color: #FFFFFF !important;\r\n}\r\n\r\n#slider-pro-3-1087 .title-in {\r\n\tcolor: #cecece !important;\r\n\tfont-weight: bolder;\r\n\ttext-align: center;\r\n}\r\n\r\n#slider-pro-3-1087 .title-in-bg {\r\n\tbackground: rgba(255, 255, 255, 0.7); !important;\r\n\twhite-space: unset !important;\r\n\tmax-width: 90%;\r\n\tmin-width: 40%;\r\n\ttransform: initial !important;\r\n\t-webkit-transform: initial !important;\r\n\tfont-size: 14px !important;\r\n}\r\n\r\n#slider-pro-3-1087 .desc-in {\r\n\tcolor: #0a0a0a !important;\r\n\ttext-align: center;\r\n}\r\n#slider-pro-3-1087 .desc-in-bg {\r\n\tbackground: rgba(#666666, 0.7) !important;\r\n\twhite-space: unset !important;\r\n\twidth: 80% !important;\r\n\tmin-width: 30%;\r\n\ttransform: initial !important;\r\n\t-webkit-transform: initial !important;\r\n\tfont-size: 13px !important;\r\n}\r\n\r\n@media (max-width: 640px) {\r\n\t#slider-pro-3-1087 .hide-small-screen {\r\n\t\tdisplay: none;\r\n\t}\r\n}\r\n\r\n@media (max-width: 860px) {\r\n\t#slider-pro-3-1087 .sp-layer {\r\n\t\tfont-size: 18px;\r\n\t}\r\n\t\r\n\t#slider-pro-3-1087 .hide-medium-screen {\r\n\t\tdisplay: none;\r\n\t}\r\n}\r\n.slides-not-found {\r\n\tbackground-color: #a92929;\r\n\tborder-radius: 5px;\r\n\tcolor: #fff;\r\n\tfont-family: initial;\r\n\ttext-align: center;\r\n\tpadding:12px;\r\n}\r\n\/* Custom CSS *\/\r\n<\/style>\r\n\t\t<div id=\"slider-pro-3-1087\" class=\"slider-pro\">\r\n\t\t\t<!---- slides div start ---->\r\n\t\t\t<div class=\"sp-slides\">\r\n\t\t\t\t\t\t\t\t\t\t<div class=\"sp-slide\">\r\n\t\t\t\t\t\t\t<img class=\"sp-image\" alt=\"Kamnite police\" src=\"http:\/\/kamen-kregar.com\/wp-content\/plugins\/ultimate-responsive-image-slider\/assets\/css\/images\/blank.gif\" data-src=\"http:\/\/kamen-kregar.com\/wp-content\/uploads\/2020\/09\/11179690_685754268213050_856062263_o.jpg\" \/>\r\n\r\n\t\t\t\t\t\t\t\t\t\t\t\t\t\t<p class=\"sp-layer sp-white sp-padding title-in title-in-bg hide-small-screen\" \r\n\t\t\t\t\t\t\t\tdata-position=\"centerCenter\"\r\n\t\t\t\t\t\t\t\tdata-vertical=\"-14%\"\r\n\t\t\t\t\t\t\t\tdata-show-transition=\"left\" data-show-delay=\"500\">\r\n\t\t\t\t\t\t\t\tKamnite police\t\t\t\t\t\t\t<\/p>\r\n\t\t\t\t\t\t\t\r\n\t\t\t\t\t\t\t\t\t\t\t\t\t<\/div>\r\n\t\t\t\t\t\t\t\t\t\t\t\t<div class=\"sp-slide\">\r\n\t\t\t\t\t\t\t<img class=\"sp-image\" alt=\"Kamnita polica v kaminu\" src=\"http:\/\/kamen-kregar.com\/wp-content\/plugins\/ultimate-responsive-image-slider\/assets\/css\/images\/blank.gif\" data-src=\"http:\/\/kamen-kregar.com\/wp-content\/uploads\/2020\/09\/12003261_1016231041731785_5455963692682424163_n.jpg\" \/>\r\n\r\n\t\t\t\t\t\t\t\t\t\t\t\t\t\t<p class=\"sp-layer sp-white sp-padding title-in title-in-bg hide-small-screen\" \r\n\t\t\t\t\t\t\t\tdata-position=\"centerCenter\"\r\n\t\t\t\t\t\t\t\tdata-vertical=\"-14%\"\r\n\t\t\t\t\t\t\t\tdata-show-transition=\"left\" data-show-delay=\"500\">\r\n\t\t\t\t\t\t\t\tKamnita polica v kaminu\t\t\t\t\t\t\t<\/p>\r\n\t\t\t\t\t\t\t\r\n\t\t\t\t\t\t\t\t\t\t\t\t\t<\/div>\r\n\t\t\t\t\t\t\t\t\t\t\t\t<div class=\"sp-slide\">\r\n\t\t\t\t\t\t\t<img class=\"sp-image\" alt=\"Pohorski kamen\" src=\"http:\/\/kamen-kregar.com\/wp-content\/plugins\/ultimate-responsive-image-slider\/assets\/css\/images\/blank.gif\" data-src=\"http:\/\/kamen-kregar.com\/wp-content\/uploads\/2020\/09\/12109176_1031032253584997_5938657829498502122_n.jpg\" \/>\r\n\r\n\t\t\t\t\t\t\t\t\t\t\t\t\t\t<p class=\"sp-layer sp-white sp-padding title-in title-in-bg hide-small-screen\" \r\n\t\t\t\t\t\t\t\tdata-position=\"centerCenter\"\r\n\t\t\t\t\t\t\t\tdata-vertical=\"-14%\"\r\n\t\t\t\t\t\t\t\tdata-show-transition=\"left\" data-show-delay=\"500\">\r\n\t\t\t\t\t\t\t\tPohorski kamen\t\t\t\t\t\t\t<\/p>\r\n\t\t\t\t\t\t\t\r\n\t\t\t\t\t\t\t\t\t\t\t\t\t<\/div>\r\n\t\t\t\t\t\t\t\t\t\t\t\t<div class=\"sp-slide\">\r\n\t\t\t\t\t\t\t<img class=\"sp-image\" alt=\"Nova podoba poslovnih prostorov\" src=\"http:\/\/kamen-kregar.com\/wp-content\/plugins\/ultimate-responsive-image-slider\/assets\/css\/images\/blank.gif\" data-src=\"http:\/\/kamen-kregar.com\/wp-content\/uploads\/2020\/09\/12345640_1055883944433161_2008426603693502583_n.jpg\" \/>\r\n\r\n\t\t\t\t\t\t\t\t\t\t\t\t\t\t<p class=\"sp-layer sp-white sp-padding title-in title-in-bg hide-small-screen\" \r\n\t\t\t\t\t\t\t\tdata-position=\"centerCenter\"\r\n\t\t\t\t\t\t\t\tdata-vertical=\"-14%\"\r\n\t\t\t\t\t\t\t\tdata-show-transition=\"left\" data-show-delay=\"500\">\r\n\t\t\t\t\t\t\t\tNova podoba poslovnih prostorov\t\t\t\t\t\t\t<\/p>\r\n\t\t\t\t\t\t\t\r\n\t\t\t\t\t\t\t\t\t\t\t\t\t<\/div>\r\n\t\t\t\t\t\t\t\t\t\t\t\t<div class=\"sp-slide\">\r\n\t\t\t\t\t\t\t<img class=\"sp-image\" alt=\"Stena iz rustike\" src=\"http:\/\/kamen-kregar.com\/wp-content\/plugins\/ultimate-responsive-image-slider\/assets\/css\/images\/blank.gif\" data-src=\"http:\/\/kamen-kregar.com\/wp-content\/uploads\/2020\/09\/2dff4ffa251d92f07c2e2f22d07e9abb.jpg\" \/>\r\n\r\n\t\t\t\t\t\t\t\t\t\t\t\t\t\t<p class=\"sp-layer sp-white sp-padding title-in title-in-bg hide-small-screen\" \r\n\t\t\t\t\t\t\t\tdata-position=\"centerCenter\"\r\n\t\t\t\t\t\t\t\tdata-vertical=\"-14%\"\r\n\t\t\t\t\t\t\t\tdata-show-transition=\"left\" data-show-delay=\"500\">\r\n\t\t\t\t\t\t\t\tStena iz rustike\t\t\t\t\t\t\t<\/p>\r\n\t\t\t\t\t\t\t\r\n\t\t\t\t\t\t\t\t\t\t\t\t\t<\/div>\r\n\t\t\t\t\t\t\t\t\t\t\t\t<div class=\"sp-slide\">\r\n\t\t\t\t\t\t\t<img class=\"sp-image\" alt=\"Kamnite stopnice\" src=\"http:\/\/kamen-kregar.com\/wp-content\/plugins\/ultimate-responsive-image-slider\/assets\/css\/images\/blank.gif\" data-src=\"http:\/\/kamen-kregar.com\/wp-content\/uploads\/2020\/09\/stairs2.jpg\" \/>\r\n\r\n\t\t\t\t\t\t\t\t\t\t\t\t\t\t<p class=\"sp-layer sp-white sp-padding title-in title-in-bg hide-small-screen\" \r\n\t\t\t\t\t\t\t\tdata-position=\"centerCenter\"\r\n\t\t\t\t\t\t\t\tdata-vertical=\"-14%\"\r\n\t\t\t\t\t\t\t\tdata-show-transition=\"left\" data-show-delay=\"500\">\r\n\t\t\t\t\t\t\t\tKamnite stopnice\t\t\t\t\t\t\t<\/p>\r\n\t\t\t\t\t\t\t\r\n\t\t\t\t\t\t\t\t\t\t\t\t\t<\/div>\r\n\t\t\t\t\t\t\t\t\t\t\t\t<div class=\"sp-slide\">\r\n\t\t\t\t\t\t\t<img class=\"sp-image\" alt=\"Spomenik\" src=\"http:\/\/kamen-kregar.com\/wp-content\/plugins\/ultimate-responsive-image-slider\/assets\/css\/images\/blank.gif\" data-src=\"http:\/\/kamen-kregar.com\/wp-content\/uploads\/2020\/09\/12729132_1095248423830046_2235080724008868215_n.jpg\" \/>\r\n\r\n\t\t\t\t\t\t\t\t\t\t\t\t\t\t<p class=\"sp-layer sp-white sp-padding title-in title-in-bg hide-small-screen\" \r\n\t\t\t\t\t\t\t\tdata-position=\"centerCenter\"\r\n\t\t\t\t\t\t\t\tdata-vertical=\"-14%\"\r\n\t\t\t\t\t\t\t\tdata-show-transition=\"left\" data-show-delay=\"500\">\r\n\t\t\t\t\t\t\t\tSpomenik\t\t\t\t\t\t\t<\/p>\r\n\t\t\t\t\t\t\t\r\n\t\t\t\t\t\t\t\t\t\t\t\t\t<\/div>\r\n\t\t\t\t\t\t\t\t\t\t\t\t<div class=\"sp-slide\">\r\n\t\t\t\t\t\t\t<img class=\"sp-image\" alt=\"Kamnita miza\" src=\"http:\/\/kamen-kregar.com\/wp-content\/plugins\/ultimate-responsive-image-slider\/assets\/css\/images\/blank.gif\" data-src=\"http:\/\/kamen-kregar.com\/wp-content\/uploads\/2020\/09\/high-quality-salable-quartz-table-tops-quartz-stone-desktop-for-kitchen-decoration-p521473-1b.jpg\" \/>\r\n\r\n\t\t\t\t\t\t\t\t\t\t\t\t\t\t<p class=\"sp-layer sp-white sp-padding title-in title-in-bg hide-small-screen\" \r\n\t\t\t\t\t\t\t\tdata-position=\"centerCenter\"\r\n\t\t\t\t\t\t\t\tdata-vertical=\"-14%\"\r\n\t\t\t\t\t\t\t\tdata-show-transition=\"left\" data-show-delay=\"500\">\r\n\t\t\t\t\t\t\t\tKamnita miza\t\t\t\t\t\t\t<\/p>\r\n\t\t\t\t\t\t\t\r\n\t\t\t\t\t\t\t\t\t\t\t\t\t<\/div>\r\n\t\t\t\t\t\t\t\t\t<\/div>\r\n\t\t\t\r\n\t\t\t<!---- slides div end ---->\r\n\t\t\t\t\t\t<!-- slides thumbnails div start -->\r\n\t\t\t<div class=\"sp-thumbnails\">\r\n\t\t\t\t\t\t\t\t\t\t<img class=\"sp-thumbnail\" src=\"http:\/\/kamen-kregar.com\/wp-content\/plugins\/ultimate-responsive-image-slider\/assets\/img\/loading.gif\" data-src=\"http:\/\/kamen-kregar.com\/wp-content\/uploads\/2020\/09\/11179690_685754268213050_856062263_o-300x300.jpg\" alt=\"Kamnite police\"\/>\r\n\t\t\t\t\t\t\t\t\t\t\t<img class=\"sp-thumbnail\" src=\"http:\/\/kamen-kregar.com\/wp-content\/plugins\/ultimate-responsive-image-slider\/assets\/img\/loading.gif\" data-src=\"http:\/\/kamen-kregar.com\/wp-content\/uploads\/2020\/09\/12003261_1016231041731785_5455963692682424163_n-300x169.jpg\" alt=\"Kamnita polica v kaminu\"\/>\r\n\t\t\t\t\t\t\t\t\t\t\t<img class=\"sp-thumbnail\" src=\"http:\/\/kamen-kregar.com\/wp-content\/plugins\/ultimate-responsive-image-slider\/assets\/img\/loading.gif\" data-src=\"http:\/\/kamen-kregar.com\/wp-content\/uploads\/2020\/09\/12109176_1031032253584997_5938657829498502122_n-180x300.jpg\" alt=\"Pohorski kamen\"\/>\r\n\t\t\t\t\t\t\t\t\t\t\t<img class=\"sp-thumbnail\" src=\"http:\/\/kamen-kregar.com\/wp-content\/plugins\/ultimate-responsive-image-slider\/assets\/img\/loading.gif\" data-src=\"http:\/\/kamen-kregar.com\/wp-content\/uploads\/2020\/09\/12345640_1055883944433161_2008426603693502583_n-180x300.jpg\" alt=\"Nova podoba poslovnih prostorov\"\/>\r\n\t\t\t\t\t\t\t\t\t\t\t<img class=\"sp-thumbnail\" src=\"http:\/\/kamen-kregar.com\/wp-content\/plugins\/ultimate-responsive-image-slider\/assets\/img\/loading.gif\" data-src=\"http:\/\/kamen-kregar.com\/wp-content\/uploads\/2020\/09\/2dff4ffa251d92f07c2e2f22d07e9abb-200x300.jpg\" alt=\"Stena iz rustike\"\/>\r\n\t\t\t\t\t\t\t\t\t\t\t<img class=\"sp-thumbnail\" src=\"http:\/\/kamen-kregar.com\/wp-content\/plugins\/ultimate-responsive-image-slider\/assets\/img\/loading.gif\" data-src=\"http:\/\/kamen-kregar.com\/wp-content\/uploads\/2020\/09\/stairs2-300x300.jpg\" alt=\"Kamnite stopnice\"\/>\r\n\t\t\t\t\t\t\t\t\t\t\t<img class=\"sp-thumbnail\" src=\"http:\/\/kamen-kregar.com\/wp-content\/plugins\/ultimate-responsive-image-slider\/assets\/img\/loading.gif\" data-src=\"http:\/\/kamen-kregar.com\/wp-content\/uploads\/2020\/09\/12729132_1095248423830046_2235080724008868215_n-300x225.jpg\" alt=\"Spomenik\"\/>\r\n\t\t\t\t\t\t\t\t\t\t\t<img class=\"sp-thumbnail\" src=\"http:\/\/kamen-kregar.com\/wp-content\/plugins\/ultimate-responsive-image-slider\/assets\/img\/loading.gif\" data-src=\"http:\/\/kamen-kregar.com\/wp-content\/uploads\/2020\/09\/high-quality-salable-quartz-table-tops-quartz-stone-desktop-for-kitchen-decoration-p521473-1b-300x200.jpg\" alt=\"Kamnita miza\"\/>\r\n\t\t\t\t\t\t\t\t<\/div>\r\n\t\t\t\t\t\t<!-- slides thumbnails div end -->\r\n\t\t<\/div>\r\n\n","protected":false},"excerpt":{"rendered":"<p>Ponudba Potro\u0161niki predstavljajo prioriteto na\u0161ega delovanja, zato ponujamo raznoliko ponudbo, ki zadovolji \u0161e tako zahtevne \u017eelje. \u0160iroko ponudbo razli\u010dnih kamnov dopolnjujemo tudi z mnogimi storitvami. Poleg osnovnih storitev kot so obdelava kamna, nudimo \u0161e dodatne storitve. Z na\u0161imi uslu\u017ebenci se lahko posvetujete o izbiri primernih kamnov za razli\u010dne zunanje in [&hellip;]<\/p>\n","protected":false},"author":1,"featured_media":0,"parent":0,"menu_order":2,"comment_status":"closed","ping_status":"closed","template":"","meta":[],"_links":{"self":[{"href":"http:\/\/kamen-kregar.com\/index.php?rest_route=\/wp\/v2\/pages\/155"}],"collection":[{"href":"http:\/\/kamen-kregar.com\/index.php?rest_route=\/wp\/v2\/pages"}],"about":[{"href":"http:\/\/kamen-kregar.com\/index.php?rest_route=\/wp\/v2\/types\/page"}],"author":[{"embeddable":true,"href":"http:\/\/kamen-kregar.com\/index.php?rest_route=\/wp\/v2\/users\/1"}],"replies":[{"embeddable":true,"href":"http:\/\/kamen-kregar.com\/index.php?rest_route=%2Fwp%2Fv2%2Fcomments&post=155"}],"version-history":[{"count":36,"href":"http:\/\/kamen-kregar.com\/index.php?rest_route=\/wp\/v2\/pages\/155\/revisions"}],"predecessor-version":[{"id":1093,"href":"http:\/\/kamen-kregar.com\/index.php?rest_route=\/wp\/v2\/pages\/155\/revisions\/1093"}],"wp:attachment":[{"href":"http:\/\/kamen-kregar.com\/index.php?rest_route=%2Fwp%2Fv2%2Fmedia&parent=155"}],"curies":[{"name":"wp","href":"https:\/\/api.w.org\/{rel}","templated":true}]}}